{"id":5,"date":"2014-05-23T09:36:40","date_gmt":"2014-05-23T09:36:40","guid":{"rendered":"http:\/\/radelnindensonnenaufgang.wordpress.com\/?page_id=1"},"modified":"2014-06-19T19:46:54","modified_gmt":"2014-06-19T19:46:54","slug":"about","status":"publish","type":"page","link":"http:\/\/radeln-in-den-sonnenaufgang.de\/?page_id=5","title":{"rendered":"Projekt"},"content":{"rendered":"<p>\u201cIm Osten geht die Sonne auf<br \/>\nim S\u00fcden nimmt sie ihren Lauf<br \/>\nim Westen wird sie untergehen<br \/>\nim Norden ist sie nie zu sehen\u201d<\/p>\n<p style=\"text-align: justify;\">Dieses Zitat kennt jedes Kind. F\u00fcr uns hat es eine neue Bedeutung bekommen, als wir mit der Planung dieser Reise begannen. Ab September werden wir fast jeden Morgen auf unsere R\u00e4der steigen, um in den Sonnenaufgang zu radeln. Immer Richtung Osten, immer Richtung Orient. Tag f\u00fcr Tag, bis Weihnachten. Das Ziel ist Iran in rund 6.000 km Entfernung. Der Startpunkt ist Freiburg.<\/p>\n<p style=\"text-align: justify;\">Durch fr\u00fchere Reisen vom Nahen und Mittleren Osten fasziniert wollen wir uns erneut aufmachen, dieses Mal in andere Regionen und auf anderen Wegen. Das Radfahren ist nicht nur ein Mittel der Fortbewegung. Es geht darum, die Ver\u00e4nderungen entlang des ganzen Weges mitzuerleben und zu erfahren, dass Westeuropa und den Nahen und Mittleren Osten eben keine \u201eWelten\u201c trennen, sondern dass es einen direkten, gar nicht so weiten Weg gibt, der verbindet und den wir durch eigene Kraft zur\u00fccklegen wollen. Begriffe wie Orient-Express und Seidenstra\u00dfe stehen bezeichnend daf\u00fcr, dass diese Routen in der Vergangenheit viel bereiste Wege waren und unz\u00e4hlige Geschichten zu erz\u00e4hlen haben \u2013 warum ihnen nicht auch heute folgen und ihrem aktuellen Geschehen begegnen?<\/p>\n<p style=\"text-align: justify;\">Wir sind der Meinung, dass es nur durch eigenes Erleben und direkten Austausch mit Menschen gelingen kann, sich sein eigenes Bild zu machen. Wir freuen uns darauf, nette, gastfreundliche, kommunikative Menschen und ihre Gesichter kennenzulernen, Geschichten zu h\u00f6ren und weiterzutragen.<\/p>\n<p style=\"text-align: justify;\">Mancher mag sich fragen, warum man eine solche Reise unbedingt mit dem Fahrrad machen muss. Es gibt so viele Alternativen, wie ein eigener Kleinbus, Trampen, Wandern, Fliegen, Hei\u00dfluftballon&#8230; Jede dieser Optionen hat Vor- und Nachteile. Die Reisegeschwindigkeit bei Radfahren ist sehr angenehm. Man sp\u00fcrt, wie sich Klima und Landschaft gem\u00e4chlich ver\u00e4ndern, hat Zeit zu gucken und kann jederzeit auf eine Tasse Tee und eine kurze Unterhaltung anhalten. Mit einem Auto oder Bully neigt man eher dazu durchzurauschen, per pedes braucht man sehr lange. Es ist auch einfach ein gutes Gef\u00fchl, sich selbst den ganzen Tag aus eigener Kraft zu bewegen, den Elementen ausgesetzt zu sein und den Fahrtwind zu sp\u00fcren. In jedem Fall hat man am Ende des Tages f\u00fcr sich selbst immer etwas erreicht wenn man auf die Karte schaut und nochmal die Kilometer und die Eindr\u00fccke z\u00e4hlt.<br \/>\nWer wie wir die Natur erleben will, muss sich auch respektvoll ihr gegen\u00fcber verhalten, uns war es daher auch sehr wichtig, umweltfreundlich zu reisen. Radfahren entspricht hier genau unserem Anspruch.<br \/>\nZu guter Letzt ist ein bepacktes Fahrrad immer ein extrem guter Gespr\u00e4chseinstig. Wenn man wettergegerbt von einem bis zum Anschlag beladenen Velo steigt, findet sich h\u00e4ufig jemand, der zumindest erfahren m\u00f6chte wo man her kommt.<\/p>\n<p style=\"text-align: justify;\">Verr\u00fcckte Ideen verwirklichen, ein Leben fernab der 40-Stunden-Wochen mit zweiw\u00f6chigem Pauschalurlaub, Reisegl\u00fcck ohne Flugzeug, Tage unter freiem Himmel, was sehen und h\u00f6ren von der Welt und denjenigen, die sie bewohnen \u2013 all das ist m\u00f6glich und wir wollen uns daran versuchen &#8211; ungeachtet der imagin\u00e4ren Barrieren, die man sich wohlm\u00f6glich in den Weg gestellt sieht.<br \/>\nKurz; wir wollen drauf los radeln in den Sonnenaufgang und schauen, was kommt. Ganz nach den Worten Kafkas: \u201eVerbringe nicht die Zeit mit der Suche nach einem Hindernis. Vielleicht ist keins da.\u201c<\/p>\n","protected":false},"excerpt":{"rendered":"<p>\u201cIm Osten geht die Sonne auf im S\u00fcden nimmt sie ihren Lauf im Westen wird sie untergehen im Norden ist sie nie zu sehen\u201d Dieses Zitat kennt jedes Kind. F\u00fcr uns hat es eine neue Bedeutung bekommen, als wir mit der Planung dieser Reise begannen. Ab September werden wir fast jeden Morgen auf unsere R\u00e4der &hellip; <a href=\"http:\/\/radeln-in-den-sonnenaufgang.de\/?page_id=5\" class=\"more-link\"><span class=\"screen-reader-text\">Projekt<\/span> weiterlesen <span class=\"meta-nav\">&rarr;<\/span><\/a><\/p>\n","protected":false},"author":1,"featured_media":0,"parent":0,"menu_order":0,"comment_status":"open","ping_status":"open","template":"","meta":{"ngg_post_thumbnail":0},"_links":{"self":[{"href":"http:\/\/radeln-in-den-sonnenaufgang.de\/index.php?rest_route=\/wp\/v2\/pages\/5"}],"collection":[{"href":"http:\/\/radeln-in-den-sonnenaufgang.de\/index.php?rest_route=\/wp\/v2\/pages"}],"about":[{"href":"http:\/\/radeln-in-den-sonnenaufgang.de\/index.php?rest_route=\/wp\/v2\/types\/page"}],"author":[{"embeddable":true,"href":"http:\/\/radeln-in-den-sonnenaufgang.de\/index.php?rest_route=\/wp\/v2\/users\/1"}],"replies":[{"embeddable":true,"href":"http:\/\/radeln-in-den-sonnenaufgang.de\/index.php?rest_route=%2Fwp%2Fv2%2Fcomments&post=5"}],"version-history":[{"count":10,"href":"http:\/\/radeln-in-den-sonnenaufgang.de\/index.php?rest_route=\/wp\/v2\/pages\/5\/revisions"}],"predecessor-version":[{"id":151,"href":"http:\/\/radeln-in-den-sonnenaufgang.de\/index.php?rest_route=\/wp\/v2\/pages\/5\/revisions\/151"}],"wp:attachment":[{"href":"http:\/\/radeln-in-den-sonnenaufgang.de\/index.php?rest_route=%2Fwp%2Fv2%2Fmedia&parent=5"}],"curies":[{"name":"wp","href":"https:\/\/api.w.org\/{rel}","templated":true}]}}